{"id":2,"date":"2021-04-01T14:41:08","date_gmt":"2021-04-01T14:41:08","guid":{"rendered":"http:\/\/193.28.230.83\/?page_id=2"},"modified":"2025-12-30T09:23:23","modified_gmt":"2025-12-30T09:23:23","slug":"sample-page","status":"publish","type":"page","link":"https:\/\/ekofutura.com.pl\/","title":{"rendered":"Szanowni Pa\u0144stwo,"},"content":{"rendered":"\n<p>W ci\u0105gu 20 lat dzia\u0142alno\u015bci <strong>EKO-FUTURA Sp. z o.o<\/strong>. rozwijali\u015bmy si\u0119 i wspierali\u015bmy Pa\u0144stwa w mocno wyspecjalizowanej bran\u017cy bezpiecze\u0144stwa chemicznego \u2013 szczeg\u00f3lnie w ramach us\u0142ug \u015bwiadczonych w ramach <strong>Instytutu Oceny Ryzyka<\/strong>, w strukturach kt\u00f3rego od ponad 10 lat na podstawie decyzji Ministra Rolnictwa i Rozwoju Wsi nasi Eksperci oceniaj\u0105 i komentuj\u0105 dokumentacje \u015brodk\u00f3w ochrony ro\u015blin i\/ lub ich substancji czynnych.<\/p>\n\n\n\n<p><strong>Eko-Futura Sp. z o.o.\u00a0 jest upowa\u017cnion\u0105 jednostk\u0105 OCENIAJ\u0104C\u0104 od 2011 r. aktywnie prowadz\u0105c\u0105 w pe\u0142nym zakresie ocen\u0119 lub uwagi do dokumentacji \u015brodk\u00f3w ochrony ro\u015blin i substancji czynnych.\u00a0 <\/strong><\/p>\n\n\n\n<p>Ponad 10 lat do\u015bwiadczenia w pracy merytorycznej, dba\u0142o\u015bci o zachowanie niezb\u0119dnych, najwy\u017cszych standard\u00f3w formalnych oraz przyjazn\u0105 atmosfer\u0119 wsp\u00f3\u0142pracy nastawion\u0105 na\u00a0znajdowanie rozwi\u0105za\u0144 w ca\u0142ym \u015brodowisku pracy pozwala nam czu\u0107 si\u0119 dumnymi i pe\u0142nymi satysfakcji z dotychczasowych osi\u0105gni\u0119\u0107, a przez to z pe\u0142nym przekonaniem i odpowiedzialno\u015bci\u0105 zaprasza\u0107 Pa\u0144stwa do wsp\u00f3\u0142pracy z Eko-Futura Sp. z o.o. w 2026 roku.<\/p>\n\n\n\n<p>\u017byczymy Pa\u0144stwu i sobie aby rok 2026 przyni\u00f3s\u0142 rado\u015b\u0107, spok\u00f3j i satysfakcj\u0119 przede wszystkim z relacji mi\u0119dzyludzkich, a w \u015blad za tym pod\u0105\u017c\u0105 sukcesy zawodowe.<\/p>\n\n\n\n<p>Z powa\u017caniem,<\/p>\n\n\n\n<p>Prezes Zarz\u0105du<br>Lech Majka <\/p>\n\n\n\n<p>E-mail:&nbsp;<a href=\"mailto:ekofutura@ekofutura.com.pl\">ekofutura@ekofutura.com.pl<\/a><br>Telefon: + 48 42 630 96 35<\/p>\n","protected":false},"excerpt":{"rendered":"<p>W ci\u0105gu 20 lat dzia\u0142alno\u015bci EKO-FUTURA Sp. z o.o. rozwijali\u015bmy si\u0119 i wspierali\u015bmy Pa\u0144stwa w mocno wyspecjalizowanej bran\u017cy bezpiecze\u0144stwa chemicznego \u2013 szczeg\u00f3lnie w ramach us\u0142ug \u015bwiadczonych w ramach Instytutu Oceny Ryzyka, w strukturach kt\u00f3rego od ponad 10 lat na podstawie decyzji Ministra Rolnictwa i Rozwoju Wsi nasi Eksperci oceniaj\u0105 i komentuj\u0105 dokumentacje \u015brodk\u00f3w ochrony ro\u015blin [&hellip;]<\/p>\n","protected":false},"author":1,"featured_media":0,"parent":0,"menu_order":0,"comment_status":"closed","ping_status":"open","template":"","meta":{"footnotes":""},"class_list":["post-2","page","type-page","status-publish","hentry"],"_links":{"self":[{"href":"https:\/\/ekofutura.com.pl\/index.php\/wp-json\/wp\/v2\/pages\/2","targetHints":{"allow":["GET"]}}],"collection":[{"href":"https:\/\/ekofutura.com.pl\/index.php\/wp-json\/wp\/v2\/pages"}],"about":[{"href":"https:\/\/ekofutura.com.pl\/index.php\/wp-json\/wp\/v2\/types\/page"}],"author":[{"embeddable":true,"href":"https:\/\/ekofutura.com.pl\/index.php\/wp-json\/wp\/v2\/users\/1"}],"replies":[{"embeddable":true,"href":"https:\/\/ekofutura.com.pl\/index.php\/wp-json\/wp\/v2\/comments?post=2"}],"version-history":[{"count":11,"href":"https:\/\/ekofutura.com.pl\/index.php\/wp-json\/wp\/v2\/pages\/2\/revisions"}],"predecessor-version":[{"id":180,"href":"https:\/\/ekofutura.com.pl\/index.php\/wp-json\/wp\/v2\/pages\/2\/revisions\/180"}],"wp:attachment":[{"href":"https:\/\/ekofutura.com.pl\/index.php\/wp-json\/wp\/v2\/media?parent=2"}],"curies":[{"name":"wp","href":"https:\/\/api.w.org\/{rel}","templated":true}]}}